f 121 and y?
11
Let k = -1892 + 2000. What is the greatest common factor of k and 702?
54
Suppose -5*a + 10 = -5. Suppose -5*o + 30 = 2*r, 3*o - 4*r = -a*r + 29. What is the greatest common divisor of o and 80?
8
Let w be 12/9*((-9)/(-3) + 123). Suppose -b - w = -5*r + 329, -r + 109 = 3*b. Calculate the greatest common divisor of r and 50.
50
Let f(a) = -a**3 + 5*a**2 + 4*a - 5. Let l be f(5). Let j be (-3 + 0)/(l/(-20)). Calculate the highest common divisor of 36 and j.
4
Suppose 0 = 4*w - 9*w, 0 = -5*m - 2*w + 140. Let s = -181 + 188. What is the highest common divisor of s and m?
7
Suppose -n + 2*f = 4*n - 20, 3*f + 19 = 2*n. Let z(x) = 434*x**3 - 435*x**3 - 1 - 2*x**n - 7. Let g be z(-4). Calculate the greatest common factor of 48 and g.
24
Suppose 11*k = 13*k - 200. Suppose -5*u = -0*u - k. Calculate the greatest common factor of u and 160.
20
Suppose -3*m + 3393 = 6*m. Calculate the greatest common divisor of m and 26.
13
Suppose -2*c = -5*j - 0*c + 964, -2*j - 5*c = -403. Suppose -j = -4*r + 58. Let g be 14/r + (-52)/(-9). Calculate the greatest common divisor of 18 and g.
6
Let l = 26 + -169. Let t be (-2)/(-4) - l/26. Calculate the highest common divisor of t and 42.
6
Suppose 170 = -0*p + 2*p. Suppose -x + 6*x + 35 = -5*i, -4*x - 33 = 5*i. Let w be 204/15*i/(-2). Calculate the greatest common divisor of w and p.
17
Suppose -2*m = -5*b + 1, 3 + 2 = 4*m - 3*b. What is the greatest common factor of 262 and m?
2
Suppose 0 = -4*j + 20 + 4. Let n be 6/18 - (-10)/j. Let a be n/(-11) - 1990/(-55). What is the highest common divisor of a and 54?
18
Let g(p) = -p**2 + 48. Let y be g(6). Suppose 0 = s - 5*w - 6, 0*s - s + 6 = -4*w. Let b = y - s. Calculate the highest common factor of b and 54.
6
Suppose -9*s + 249 = 2*f - 6*s, 3*f - 3*s - 381 = 0. Calculate the greatest common factor of 288 and f.
18
Let d = -5 - -8. Let n(j) = j**3 - 2*j**2. Let u be n(d). Suppose c - u = -2. What is the highest common factor of c and 1?
1
Suppose 23*s + 44 = 1102. Calculate the highest common divisor of s and 3726.
46
Suppose -3*f = -10*k + 9*k + 96, -3*k + 321 = 2*f. What is the highest common divisor of 42 and k?
21
Let d(i) = i**3 - i**2 + 8. Let a be d(0). Let r = -19 - -256. Suppose -3*h + 27 = -r. Calculate the greatest common divisor of a and h.
8
Let g(t) = -6*t. Let q be g(3). Let c be (-12)/54 - 76/q. Suppose i = -5*f + c*f + 66, -2*i + 124 = -2*f. Calculate the highest common divisor of 16 and i.
16
Suppose -19*b - 1980 = -25*b. What is the highest common divisor of 45 and b?
15
Suppose -9*h + 702 = 4*h. What is the highest common factor of 4 and h?
2
Let q = 45 + -26. Suppose -36 = 4*x - 0. Let o = 143 - x. Calculate the greatest common factor of q and o.
19
Let c be (-3)/(-3) - 26/(-13). Calculate the greatest common divisor of c and 69.
3
Suppose -50*c + 30037 = 7837. What is the greatest common factor of 12 and c?
12
Suppose 0 = -l + 2*t + 5, -18 = -3*l - 2*l + 3*t. Let x(r) = -r**2 + 2*r + 1. Let q be x(2). Calculate the highest common factor of q and l.
1
Let v = 29 - 4. Let y = 51 - 67. Let n = y + v. What is the highest common divisor of n and 18?
9
Let p(g) = 5*g**2 - g + 2. Let o = -22 - -18. Let i(x) = -x. Let h(v) = o*i(v) + p(v). Let k be h(-5). Calculate the highest common divisor of 14 and k.
14
Let b(a) = 9*a + 10. Let u be b(4). Suppose 4*g - 574 + u = 0. Calculate the greatest common factor of 33 and g.
33
Suppose -336 = -2334*o + 2328*o. Calculate the highest common divisor of o and 322.
14
Suppose -3*c + 2 = 14. Let a be c/10*(-23 - -13). Calculate the greatest common factor of a and 10.
2
Let s be 65/7 - (-8)/(-28). Suppose 5*q = 3*u - 189, -48*u + 49*u - 3*q - 63 = 0. Calculate the greatest common factor of s and u.
9
Suppose -r + 20 = -21. Suppose -4*o + 23 + r = 0. What is the highest common factor of 64 and o?
16
Let n = -16 - -25. Let i(c) = -c + 17. Let g be i(8). What is the highest common factor of n and g?
9
Let k be ((-1)/2)/((15 - 22)/504). What is the greatest common divisor of 468 and k?
36
Let v = -521 + 573. Calculate the greatest common factor of v and 221.
13
Suppose -87 = -2*f - 551. Let q be (-3)/2 + f/(-16). Let x = -129 - -220. What is the highest common factor of x and q?
13
Let m(b) = b + 699. Let j be m(33). What is the greatest common factor of 12 and j?
12
Suppose -5*g - 37 = -2*t + 28, -5*g - 65 = 3*t. Let s = 12 + g. Let k be s - (-4 + 3 - 14). Calculate the greatest common divisor of 140 and k.
14
Let o(s) = 378*s**3 - 8*s**2 + 6*s + 2. Let k be o(1). What is the greatest common factor of 162 and k?
54
Let i = 2162 + -2155. Calculate the highest common divisor of 91 and i.
7
Let t(m) = m**3 - 9*m**2 + 13. Let o be t(9). Suppose -o*d + 11*d = -8. What is the highest common factor of 8 and d?
4
Suppose 3*l - 217 = 68. Let k = -24 + 8. Let n = 54 + k. What is the greatest common factor of l and n?
19
Let l(b) = -b**3 - 29*b**2 - 68*b - 108. Let k be l(-27). Calculate the highest common factor of k and 36.
18
Let t = -10 - -8. Let o(z) = z + 2 + z - 13*z. Let y be o(t). Calculate the greatest common divisor of y and 8.
8
Let k = 52 + -24. Let p = -5 + 9. Suppose 0 = -p*c + 12 + 4. Calculate the greatest common divisor of c and k.
4
Let x = 110 + -10. Let f(b) = 9*b**2 - 4*b**2 - 2*b - b**2. Let j be f(-2). Calculate the greatest common factor of x and j.
20
Let d be (-3 + 33)/(6 - 245/42). What is the highest common factor of 80 and d?
20
Suppose -76*p - 99 = -79*p. What is the greatest common divisor of p and 33?
33
Suppose -4*d = -3*o - 108, -140 = -4*d + 13*o - 18*o. What is the greatest common factor of d and 230?
10
Let k(h) = 3*h**3 + 11*h**2 + 6*h + 5. Let x be k(-4). Let w = -22 - x. What is the highest common divisor of w and 65?
13
Let c be (-3 + 0)/(6/(-8)). Let i(r) = -r**3 + 4*r**2 + r - 1. Let f be i(2). Suppose 5*v - c*v = f. Calculate the greatest common divisor of 1 and v.
1
Let c = -13 - -18. Suppose 5*j - 170 = -c. Suppose 1 + 2 = t. Calculate the highest common factor of j and t.
3
Let o be (-2 - -1)/((-9066)/(-1512) + -6). Calculate the greatest common factor of 7 and o.
7
Suppose 3*i - i = 4. Suppose 6*j + 1 = -5*a + i*j, a + j = -1. Suppose a + 1 = f. What is the greatest common factor of 2 and f?
2
Let l = 15 + 15. Suppose 0 = 2*a - 2*g - l, 3*g - 7*g - 30 = -2*a. What is the greatest common divisor of 75 and a?
15
Let p = 58 + -55. Let k be -2*(p/(-2) + -3). What is the greatest common divisor of 72 and k?
9
Let r be -2 - (2 - -5)*-1. Calculate the highest common divisor of r and 135.
5
Suppose -23 = 4*m + 3*x, 3*m + 9 + 3 = 3*x. Let f(p) = -p**3 - 4*p**2 - 6*p + 1. Let n be f(m). What is the greatest common factor of n and 8?
8
Suppose 4*p + 144 = 3*a, 4*p + p = a - 191. Let x = 39 + p. Suppose x = -o + 3 + 17. Calculate the highest common divisor of 20 and o.
20
Let f = -23 - -76. Suppose 4*j - 6*j + f = 3*p, -p + j + 21 = 0. Let s = -4152 - -4171. What is the greatest common factor of s and p?
19
Suppose -5*i - h = -88, 4*h = i + 9*h - 8. What is the highest common factor of i and 96?
6
Suppose 6*k - 172 = 4*k. Let x = 186 - k. Suppose 8*w - 4*w - x = 0. What is the highest common divisor of w and 5?
5
Suppose 0 = -i + 5*v + 90, -2*i + 4*v + 155 = -v. Suppose -i = q - 93. Calculate the highest common divisor of q and 14.
14
Suppose 0 = 46*r - 57*r + 77. What is the greatest common divisor of 672 and r?
7
Suppose -5*v = -13*v + 16. Calculate the highest common divisor of 41 and v.
1
Let y be ((-288)/15)/((-6)/20). Let x = 1127 - 1119. What is the highest common divisor of x and y?
8
Let c = -515 - -2083. Calculate the greatest common divisor of 49 and c.
49
Suppose 25974 = 12*s + 25*s. What is the highest common divisor of 26 and s?
26
Let z be 0 - (-100 + (-2 - 3)). Let c = 120 - z. Let i = 96 - -54. Calculate the greatest common factor of i and c.
15
Let l(j) be the first derivative of 2/3*j**3 + 9 + 1/4*j**4 - 3*j - j**2. Let n be l(-2). What is the highest common factor of n and 3?
1
Let u be (-2 + (-6)/2)*-19. What is the greatest common divisor of u and 19?
19
Let z = 14 - 7. Suppose -5*w + 37 = 4*g, -3*w + z*w = g + 17. Suppose 0 = 4*x + f - 26, 2*x + 4*f - 38 = -g*x. What is the greatest common factor of 4 and x?
2
Let f(v) = -v**3 - 5*v**2 - 9*v - 3. Let a be f(